e 2) to base 5
14040
Convert -46250 (base 10) to base 12.
-22922
1d2 (base 14) to base 13
233
What is 11100101101 (base 2) in base 11?
1420
What is -1633 (base 8) in base 10?
-923
Convert -1202 (base 10) to base 11.
-9a3
Convert -440 (base 15) to base 12.
-680
What is 42020 (base 9) in base 8?
66110
-1479 (base 10) to base 6
-10503
What is -110615 (base 8) in base 6?
-444301
What is -11022 (base 3) in base 9?
-138
-466 (base 16) to base 9
-1481
-905 (base 16) to base 9
-3145
What is -77de (base 16) in base 13?
-10c76
Convert 402 (base 11) to base 9.
600
932 (base 13) to base 2
11000011010
Convert -12016 (base 9) to base 3.
-102000120
What is -314024 (base 6) in base 13?
-b7bb
3 (base 12) to base 15
3
Convert -6506 (base 8) to base 7.
-12623
Convert 8094 (base 10) to base 13.
38b8
What is -3370 (base 12) in base 4?
-1121010
Convert -7d52 (base 15) to base 3.
-1100112012
What is -15125 (base 11) in base 15?
-6549
-1231 (base 6) to base 13
-1a8
Convert -40524 (base 8) to base 10.
-16724
What is 2000213 (base 4) in base 6?
102035
5343 (base 7) to base 4
131211
Convert -38d (base 15) to base 9.
-1087
What is 252330 (base 6) in base 4?
11200332
What is 696 (base 16) in base 2?
11010010110
What is -8207 (base 9) in base 12?
-3581
-151222 (base 6) to base 10
-14558
What is 30321 (base 9) in base 7?
112102
Convert -8 (base 13) to base 10.
-8
Convert -134220 (base 5) to base 16.
-15b8
What is -a33 (base 11) in base 8?
-2336
40 (base 8) to base 5
112
Convert -101010 (base 4) to base 15.
-4cc
Convert 1102142 (base 5) to base 6.
224103
-593 (base 12) to base 7
-2265
What is -4554 (base 6) in base 12?
-75a
-7243 (base 14) to base 10
-19659
What is -37676 (base 10) in base 7?
-214562
-472b (base 14) to base 12
-7203
What is -718 (base 14) in base 15?
-62e
What is -7d (base 16) in base 2?
-1111101
Convert -23402 (base 5) to base 3.
-2100222
What is 746 (base 10) in base 4?
23222
Convert -20571 (base 8) to base 12.
-4b61
What is 200 (base 9) in base 6?
430
1472 (base 9) to base 5
13433
2100102 (base 3) to base 4
122300
What is -3b1c (base 15) in base 7?
-51546
Convert 1101110111110 (base 2) to base 13.
3304
What is 1200310 (base 5) in base 2?
101010111000011
-14354 (base 11) to base 14
-7603
What is -51245 (base 8) in base 9?
-32017
Convert -65 (base 14) to base 8.
-131
What is -341 (base 6) in base 3?
-11221
What is 100110011001101 (base 2) in base 14?
7245
-343055 (base 6) to base 7
-151055
What is -1bba (base 12) in base 10?
-3454
24411 (base 5) to base 12
10a8
385 (base 13) to base 5
4431
Convert -1221 (base 10) to base 15.
-566
4011 (base 6) to base 14
463
Convert -65bb (base 12) to base 3.
-120101222
What is 14611 (base 12) in base 9?
43114
Convert 13a9 (base 15) to base 7.
15162
What is -26a (base 15) in base 16?
-226
What is -6231 (base 7) in base 13?
-cb7
Convert 20113 (base 4) to base 11.
447
What is 1304 (base 11) in base 8?
3242
Convert 2b8 (base 13) to base 4.
13221
120223 (base 6) to base 11
7945
16254 (base 7) to base 13
2127
Convert 231130 (base 8) to base 13.
29908
Convert 10012 (base 5) to base 7.
1562
What is -a28 (base 16) in base 14?
-d3a
What is 201b7 (base 12) in base 15?
c58a
Convert 605 (base 15) to base 16.
54b
3310 (base 6) to base 3
1001020
What is 1212 (base 7) in base 2?
111000010
-319 (base 11) to base 15
-1a8
d3 (base 15) to base 7
402
Convert 5a85 (base 12) to base 6.
115045
Convert 4a48 (base 14) to base 7.
52621
What is -10010010 (base 2) in base 9?
-172
What is 418a (base 12) in base 8?
15772
What is 7709 (base 12) in base 11?
9941
What is -808 (base 13) in base 10?
-1360
What is aab (base 12) in base 3?
2011012
Convert 12627 (base 13) to base 12.
17816
Convert -160d (base 14) to base 11.
-2a56
What is -25c0 (base 16) in base 9?
-14227
What is -3504 (base 10) in base 8?
-6660
What is 6848 (base 9) in base 5?
130231
What is -c24b (base 13) in base 12?
-135a5
Convert 151655 (base 8) to base 14.
15a69
Convert a636 (base 11) to base 5.
422300
What is 3550 (base 8) in base 13?
b2b
1533 (base 10) to base 2
10111111101
What is -445513 (base 6) in base 3?
-1220112000
What is -2998 (base 12) in base 11?
-3726
-2c (base 15) to base 4
-222
What is -11220 (base 3) in base 6?
-340
Convert -20231 (base 6) to base 5.
-41213
Convert -604 (base 16) to base 7.
-4330
3e8b (base 16) to base 13
7398
What is 43003 (base 5) in base 8?
5476
Convert -351 (base 10) to base 3.
-111000
-272 (base 11) to base 16
-141
Convert 11012 (base 4) to base 7.
644
What is -23110233 (base 4) in base 8?
-132457
What is -101000101011 (base 2) in base 5?
-40403
Convert 100 (base 7) to base 11.
45
Convert -11221 (base 3) to base 8.
-205
-650 (base 8) to base 6
-1544
Convert -21211 (base 4) to base 12.
-431
-54166 (base 7) to base 10
-13474
531 (base 7) to base 14
151
Convert -17895 (base 10) to base 9.
-26483
What is 275a (base 16) in base 7?
41241
What is 476 (base 14) in base 3?
1012220
Convert 1011002211 (base 3) to base 5.
1211200
What is 1924 (base 13) in base 10?
3748
-1495 (base 10) to base 15
-69a
What is 10000101011000101 (base 2) in base 6?
1244101
39 (base 12) to base 14
33
What is -3c6 (base 15) in base 2?
-1101011101
What is 116200 (base 7) in base 5?
1140424
Convert 140 (base 13) to base 4.
3131
What is -375 (base 13) in base 5?
-4403
Convert -23040 (base 5) to base 6.
-11341
Convert 21400 (base 6) to base 11.
2244
Convert 195 (base 10) to base 12.
143
What is -712 (base 11) in base 4?
-31130
What is -1712 (base 8) in base 14?
-4d4
Convert -2894 (base 10) to base 13.
-1418
What is -121200001 (base 3) in base 7?
-50266
What is -10729 (base 10) in base 7?
-43165
-4cbc (base 16) to base 3
-222221120
Convert -1222002200 (base 3) to base 10.
-38709
Convert 110411 (base 7) to base 15.
5b42
-6232 (base 10) to base 2
-1100001011000
What is -178 (base 16) in base 13?
-22c
What is 3233 (base 11) in base 9?
5765
What is -13231123 (base 4) in base 11?
-217a9
What is -561 (base 9) in base 3?
-122001
-1001111100011101 (base 2) to base 11
-28670
What is 158b (base 12) in base 9?
3448
Convert -4255 (base 6) to base 5.
-12341
-20705 (base 8) to base 11
-654a
Convert d08 (base 14) to base 2.
100111111100
What is 402 (base 10) in base 5?
3102
-66 (base 8) to base 12
-46
What is -1566 (base 11) in base 3?
-2202101
Convert -111101011101 (base 2) to base 6.
-30113
Convert e8 (base 16) to base 14.
128
640 (base 7) to base 5
2242
Convert 38b (base 12) to base 8.
1033
What is -3508 (base 11) in base 6?
-33154
Convert -5926 (base 15) to base 7.
-106131
Convert 1bc1 (base 13) to base 10.
4213
What is -20020200 (base 3) in base 15?
-1539
Convert 7c (base 14) to base 12.
92
1685 (base 11) to base 2
100001100110
Convert 3243 (base 11) to base 9.
5777
What is 21000 (base 3) in base 10?
189
132302 (base 4) to base 15
8b5
Convert 323115 (base 6) to base 15.
7d45
What is -325 (base 10) in base 5?
-2300
Convert -449 (base 13) to base 2.
-1011100001
What is 30311 (base 4) in base 9?
1112
12130 (base 4) to base 12
2a4
10001110001 (base 2) to base 14
5b3
Convert 20014 (base 9) to base 6.
140451
1956 (base 14) to base 5
121314
What is 31118 (base 9) in base 4?
11000132
Convert -11101110101 (base 2) to base 15.
-874
Convert 63335 (base 7) to base 4.
3303320
Convert 10221 (base 9) to base 15.
1ee7
3432 (base 7) to base 8
2340
What is -22110 (base 3) in base 5?
-1403
231133 (base 4) to base 15
ce1
Convert -4014223 (base 5) to base 11.
-43939
Convert -12035 (base 7) to base 3.
-11021022
23100 (base 5) to base 4
121302
66ab (base 12) to base 9
16525
Convert 1551 (base 6) to base 4.
12223
-101010111000011 (base 2) to base 11
-1554a
1011132 (base 4) to base 10
4446
What is -424 (base 10) in base 7?
-1144
Convert -3331 (base 8) to base 6.
-12041
Convert 3191 (base 14) to base 7.
33641
What is -3682 (base 9) in base 7?
-11003
-12c41 (base 13) to base 12
-18338
412 (base 9) to base 8
517
What is -222200002 (base 3) in base 13?
-8b07
1fe0 (base 16) to base 5
230120
-25325 (base 9) to base 6
-210505
aeaa (base 15) to base 13
13b3a
3c1 (base 14) to base 10
757
Convert -12332 (base 8) to base 3.
-21022201
Convert -30140 (base 5) to base 10.
-1920
What is -10011000 (base 3) in base 7?
-6456
-2d01 (base 16) to base 4
-2310001
What is 1432 (base 5) in base 2?
11110010
Convert 145244 (base 6) to base 12.
